588?
2, 67, 73, 2767
List the prime factors of 200652202.
2, 100326101
List the prime factors of 16977155.
5, 13, 107, 2441
What are the prime factors of 2451120624?
2, 3, 17021671
What are the prime factors of 420722141?
7, 23, 73, 35797
List the prime factors of 459366594.
2, 3, 76561099
What are the prime factors of 56704436?
2, 19, 107, 367
List the prime factors of 222964933.
43, 113, 45887
List the prime factors of 4244980.
2, 5, 19, 11171
List the prime factors of 978020655.
3, 5, 65201377
What are the prime factors of 8653638348?
2, 3, 131, 383, 1597
List the prime factors of 1814883.
3, 7, 86423
List the prime factors of 580012533.
3, 3571, 18047
What are the prime factors of 2431098987?
3, 101, 8023429
List the prime factors of 2665666.
2, 1332833
What are the prime factors of 666452369?
11, 53, 1143143
What are the prime factors of 982589949?
3, 11, 53, 401, 467
List the prime factors of 422096484.
2, 3, 2393, 14699
List the prime factors of 2105184626.
2, 43, 24478891
What are the prime factors of 66570202?
2, 33285101
List the prime factors of 119410229.
119410229
List the prime factors of 2521567244.
2, 7, 67, 27431
What are the prime factors of 1004826180?
2, 3, 5, 16747103
List the prime factors of 604341439.
13, 46487803
What are the prime factors of 1694983271?
29, 61, 958159
List the prime factors of 320573080.
2, 5, 17, 23, 103, 199
What are the prime factors of 2200089231?
3, 244454359
List the prime factors of 169675847.
11, 2111, 7307
What are the prime factors of 168035803?
13, 17, 760343
List the prime factors of 1463531963.
1463531963
List the prime factors of 26695255.
5, 5339051
What are the prime factors of 123616478?
2, 61808239
List the prime factors of 589301998.
2, 23, 12810913
List the prime factors of 352938930.
2, 3, 5, 37, 317963
What are the prime factors of 30547746?
2, 3, 479, 1181
List the prime factors of 94850831.
19, 4992149
List the prime factors of 67661252.
2, 1223, 13831
What are the prime factors of 83660277?
3, 239, 116681
List the prime factors of 150594286.
2, 197, 311, 1229
List the prime factors of 321384609.
3, 7, 13, 17, 41, 563
List the prime factors of 43658352.
2, 3, 19, 197
List the prime factors of 36680899.
36680899
What are the prime factors of 1491512997?
3, 13, 89, 431, 997
List the prime factors of 8111412306.
2, 3, 150211339
List the prime factors of 63342505.
5, 509, 24889
List the prime factors of 4800068862.
2, 3, 89, 97, 92669
What are the prime factors of 45734640?
2, 3, 5, 7, 3889
List the prime factors of 323735647.
71, 4559657
List the prime factors of 124450295.
5, 24890059
List the prime factors of 1314337124.
2, 67, 997, 4919
What are the prime factors of 36342051?
3, 12114017
List the prime factors of 61986853.
61986853
List the prime factors of 515418169.
7, 907, 81181
What are the prime factors of 1897934667?
3, 29, 2267, 9623
List the prime factors of 1075596173.
23, 41, 1140611
What are the prime factors of 974891856?
2, 3, 20310247
List the prime factors of 74878772.
2, 19, 113, 8719
List the prime factors of 209971537.
41, 43, 119099
List the prime factors of 4660468693.
29, 97, 1656761
List the prime factors of 361592765.
5, 53, 293, 4657
List the prime factors of 581843681.
31, 61, 307691
List the prime factors of 5145597.
3, 31, 18443
List the prime factors of 2346227869.
2346227869
List the prime factors of 157952817.
3, 11, 1595483
What are the prime factors of 51087282?
2, 3, 8514547
List the prime factors of 508249092.
2, 3, 13, 31, 105097
What are the prime factors of 58937139?
3, 167, 4357
What are the prime factors of 402356293?
19, 21176647
List the prime factors of 131887357.
7, 1453, 12967
List the prime factors of 39189226.
2, 19594613
What are the prime factors of 27074870?
2, 5, 1229, 2203
List the prime factors of 2163551845.
5, 7, 13, 31, 157, 977
List the prime factors of 942426540.
2, 3, 5, 11, 475973
What are the prime factors of 1264271370?
2, 3, 5, 283, 148913
What are the prime factors of 133838787?
3, 44612929
List the prime factors of 392906898.
2, 3, 211, 103451
List the prime factors of 1085834792.
2, 7, 19389907
List the prime factors of 33535643.
71, 472333
List the prime factors of 232711645.
5, 61, 762989
List the prime factors of 204457966.
2, 233, 541, 811
List the prime factors of 2021347050.
2, 3, 5, 13475647
List the prime factors of 59028478.
2, 19, 1553381
What are the prime factors of 247181151?
3, 7, 103, 114277
List the prime factors of 78190797.
3, 26063599
What are the prime factors of 39480804?
2, 3, 11, 167, 199
What are the prime factors of 818792064?
2, 3, 151, 523
What are the prime factors of 5183078181?
3, 41, 107, 199, 1979
List the prime factors of 171294606.
2, 3, 7, 241, 5641
What are the prime factors of 864445707?
3, 5449, 17627
List the prime factors of 1929665625.
3, 5, 37, 5563
List the prime factors of 35337395.
5, 2341, 3019
List the prime factors of 317063475.
3, 5, 1409171
What are the prime factors of 721983118?
2, 31, 59, 197371
What are the prime factors of 4291330822?
2, 149, 907, 15877
What are the prime factors of 54198608?
2, 3387413
What are the prime factors of 361022306?
2, 19, 23, 413069
What are the prime factors of 556831777?
571, 975187
What are the prime factors of 5330601484?
2, 13, 102511567
What are the prime factors of 581706056?
2, 307, 433, 547
What are the prime factors of 1191937711?
17, 70113983
List the prime factors of 171827887.
7, 11, 19, 257, 457
List the prime factors of 23792454.
2, 3, 7, 20981
What are the prime factors of 372024030?
2, 3, 5, 7, 1771543
List the prime factors of 3449199.
3, 13, 59, 1499
List the prime factors of 453562683.
3, 7, 3109, 6947
List the prime factors of 1939559325.
3, 5, 11, 17, 41, 3373
List the prime factors of 330371946.
2, 3, 71, 28723
What are the prime factors of 244260015?
3, 5, 997, 16333
What are the prime factors of 368138870?
2, 5, 11, 19, 67, 239
What are the prime factors of 194125844?
2, 11, 31, 4591
List the prime factors of 170764286.
2, 7, 11, 17, 19, 3433
List the prime factors of 1829343025.
5, 73173721
What are the prime factors of 812297422?
2, 5849, 69439
List the prime factors of 63488264.
2, 7, 491, 2309
List the prime factors of 155094471.
3, 7, 283, 8699
What are the prime factors of 406571242?
2, 7, 11, 29, 59, 1543
What are the prime factors of 785039560?
2, 5, 19625989
What are the prime factors of 1302061070?
2, 5, 19, 31, 43, 53, 97
What are the prime factors of 102167411?
53, 1927687
What are the prime factors of 7377253310?
2, 5, 7, 19, 83, 9547
What are the prime factors of 161968587?
3, 11, 4908139
What are the prime factors of 2987570?
2, 5, 298757
List the prime factors of 231533535.
3, 5, 29, 532261
What are the prime factors of 14112700?
2, 5, 7, 20161
What are the prime factors of 1216024056?
2, 3, 13, 29, 109, 137
List the prime factors of 229263133.
11, 47, 397, 1117
What are the prime factors of 277472013?
3, 7, 13, 53, 127, 151
List the prime factors of 70069819.
70069819
What are the prime factors of 441355702?
2, 547, 403433
What are the prime factors of 852106362?
2, 3, 29, 31, 41, 3853
List the prime factors of 861325794.
2, 3, 7, 811, 8429
List the prime factors of 50270368.
2, 67, 23447
What are the prime factors of 113691805?
5, 22738361
What are the prime factors of 2724491923?
2724491923
List the prime factors of 139959078.
2, 3, 7, 103, 32353
What are the prime factors of 100274015?
5, 20054803
List the prime factors of 26332099.
17, 1548947
List the prime factors of 161479327.
5813, 27779
List the prime factors of 8048277.
3, 37, 24169
What are the prime factors of 41613246?
2, 3, 17, 239, 569
List the prime factors of 2758482462.
2, 3, 857, 536461
What are the prime factors of 291904140?
2, 3, 5, 11, 29, 101, 151
What are the prime factors of 620195141?
6869, 90289
What are the prime factors of 676502602?
2, 131, 2582071
What are the prime factors of 850746330?
2, 3, 5, 7, 31, 127
What are the prime factors of 608197082?
2, 304098541
What are the prime factors of 188308187?
188308187
What are the prime factors of 6740447206?
2, 23, 29, 199, 25391
List the prime factors of 1677805380.
2, 3, 5, 23, 135089
What are the prime factors of 14292204?
2, 3, 107, 11131
What are the prime